7*h + 412236. Determine f(22).
242
Let d(y) = -3*y**2 - 427*y - 12273. What is d(-28)?
-2669
Let u(x) = -229*x + 19928. Calculate u(90).
-682
Let b(j) = 12*j**2 + 86*j - 95. Determine b(-7).
-109
Let i(q) = -2*q**3 + 234*q**2 - 20*q + 2247. Calculate i(117).
-93
Let h(z) = 2*z**3 + 50*z**2 + 22*z + 121. What is h(-28)?
-5199
Let d(f) = f**2 - 975*f - 190717. What is d(-167)?
-3
Let a(q) = -q**3 - 29*q**2 + 30*q + 187. Determine a(-31).
1179
Let n(j) = j**2 - 494*j + 60631. Calculate n(255).
-314
Let m(s) = -32526*s - 162260. What is m(-5)?
370
Let z(k) = 33*k**2 + 1267*k + 183. What is z(-38)?
-311
Let g(o) = -2194*o - 333454. Determine g(-152).
34
Let d(s) = 3*s**2 - 9151*s + 91182. Give d(10).
-28
Let x(k) = k**3 + 4*k**2 + 25*k - 78. Calculate x(3).
60
Let m(t) = -142*t + 1472. Give m(12).
-232
Let i(f) = -259*f - 6245. Give i(-23).
-288
Let t(f) = -21*f**2 - 24475*f + 12823. What is t(-1166)?
-3
Let f(k) = -79*k**2 + 20*k - 39. Determine f(5).
-1914
Let z(k) = 5*k**3 + 135*k**2 + 247*k - 149. Calculate z(-25).
-74
Let i(g) = -4*g**3 - 1561*g**2 - 1955*g - 3949. Give i(-389).
-59
Let b(l) = -9*l - 938. Give b(-134).
268
Let z(m) = -545*m - 22461. Give z(-39).
-1206
Let t(d) = -97410*d + 4091225. Give t(42).
5
Let v(h) = 256*h**2 + 1840*h + 337. Calculate v(-7).
1
Let f(u) = 781*u**2 + 3911*u + 24. Calculate f(-5).
-6
Let i(m) = -m**2 + 21*m + 1168. Calculate i(40).
408
Let f(c) = 3*c**2 - 908*c + 15846. Calculate f(284).
-58
Let x(h) = -7*h**2 - 4986*h + 9968. Give x(2).
-32
Let c(m) = -18*m**2 + 1988*m - 6499. Determine c(107).
135
Let v(g) = 3*g**3 + 640*g**2 + 230*g + 3509. What is v(-213)?
-112
Let o(t) = -233*t**2 + 1447*t + 2. What is o(7)?
-1286
Let v(b) = 4*b**3 + 41*b**2 + 30*b + 9. What is v(-11)?
-684
Let h(c) = -401*c + 19243. Determine h(48).
-5
Let t(f) = 964*f + 4665. Calculate t(-3).
1773
Let j(p) = -58*p**2 + 51*p + 666. Calculate j(6).
-1116
Let j(a) = a**2 + 14949*a - 194496. Determine j(13).
10
Let o(t) = 911*t + 17265. Determine o(-19).
-44
Let i(k) = 147*k - 1309. Calculate i(11).
308
Let b(u) = -12353*u - 852354. Determine b(-69).
3
Let u(m) = 2*m**2 - 152*m + 3325. Calculate u(42).
469
Let d(k) = -12699*k - 51165. What is d(-4)?
-369
Let l(r) = r**2 - 450*r + 15891. Calculate l(38).
235
Let s(a) = 2778*a - 3628. What is s(1)?
-850
Let m(t) = -2*t**2 - 10336*t - 420375. Give m(-41).
39
Let m(l) = 692*l + 5680. What is m(-8)?
144
Let b(d) = 1625*d - 9737. What is b(6)?
13
Let c(x) = 5865*x - 134849. What is c(23)?
46
Let c(f) = 73*f**3 + 6859*f**2 - 295*f + 71. Calculate c(-94).
1293
Let t(z) = -45*z**2 - 5937*z - 11868. Give t(-2).
-174
Let i(f) = 28*f**2 + 1715*f - 17706. Determine i(9).
-3
Let i(n) = 6*n**2 + 6785*n - 128811. Calculate i(19).
2270
Let c(f) = -105*f - 29765. Determine c(-283).
-50
Let l(w) = -5*w**3 - 386*w**2 - 518*w - 4369. Determine l(-76).
343
Let n(w) = -2*w**3 + 621*w**2 + 2208*w - 3047. Give n(314).
93
Let l(s) = 12*s**2 - 340*s - 8272. Determine l(44).
0
Let y(x) = -x**3 + 31*x**2 - 177*x - 477. Determine y(11).
-4
Let m(g) = -g**3 + 262*g**2 - 6741*g + 5288. What is m(28)?
-4
Let q(g) = -34*g**3 - 418*g**2 - 613*g - 193. Give q(-1).
36
Let p(t) = 1098344*t + 5. Calculate p(0).
5
Let m(t) = -2*t**3 + 22*t**2 + 1023*t - 12630. Determine m(13).
-7
Let b(s) = 8*s**2 - 28625*s - 315841. Determine b(-11).
2
Let u(z) = -7623*z - 53598. What is u(-7)?
-237
Let t(f) = -8*f - 354. What is t(-40)?
-34
Let m(d) = -934914*d + 934913. Give m(1).
-1
Let x(l) = -l**3 + 149*l**2 + 844*l - 167226. What is x(147)?
60
Let y(b) = -18*b**2 + 905*b + 394381. What is y(-125)?
6
Let c(q) = -q**2 - 293*q - 4711. What is c(-276)?
-19
Let y(u) = u**3 - 55*u**2 - 40*u + 2240. Give y(55).
40
Let v(o) = -83*o - 6387. Determine v(-76).
-79
Let w(f) = -122*f**3 - 16468*f**2 + 271*f + 135. Determine w(-135).
0
Let l(i) = i**3 + 226*i**2 + 370*i - 153. Determine l(-2).
3
Let c(v) = -4*v**3 - 9*v**2 + 165*v - 1136. Determine c(8).
-2440
Let n(i) = -2*i**2 + 52*i + 472. Calculate n(36).
-248
Let h(m) = -2*m**3 + 4710*m**2 - 46886*m - 141. Give h(10).
-1
Let i(k) = 1532*k - 44418. What is i(29)?
10
Let j(p) = 3*p**3 + 6*p**2 - 68*p + 43. Determine j(-6).
19
Let q(w) = -160*w**2 - 2*w + 10. What is q(0)?
10
Let d(q) = 857*q - 695066. Calculate d(811).
-39
Let t(x) = -4*x**2 + 5645*x + 250256. Give t(-43).
125
Let u(d) = 206*d**2 + 66*d + 162. Give u(-4).
3194
Let v(a) = -a**2 - 46669*a + 700153. Calculate v(15).
-107
Let o(s) = -50268*s + 200798. Give o(4).
-274
Let d(n) = -n**2 + 221*n + 2917. What is d(-12)?
121
Let g(v) = 795*v**2 + 4666*v - 612. Determine g(-6).
12
Let v(l) = -9*l**3 + 1411*l**2 + 275*l + 6142. Determine v(157).
19
Let w(g) = -4*g**3 + 22*g**2 - 106*g + 631. What is w(9)?
-1457
Let b(r) = -r**3 - 43*r**2 - 250*r + 87. Give b(-36).
15
Let f(n) = -4*n**3 - 2292*n**2 - 176*n - 100771. Determine f(-573).
77
Let p(x) = 3*x**3 - 90*x**2 + 286*x + 2219. Determine p(25).
-6
Let b(r) = 43478*r - 130430. Calculate b(3).
4
Let l(p) = 44*p**3 - 3606*p**2 - 174*p + 152. Calculate l(82).
-668
Let o(d) = 8*d**2 - 4091*d + 17681. Determine o(507).
-64
Let p(n) = -15*n**3 - 399*n**2 + 206*n + 586. What is p(-27)?
-602
Let s(a) = -1134*a**2 + 3421*a + 3. What is s(3)?
60
Let a(s) = s**3 + 19*s**2 + 6*s + 184. Calculate a(-20).
-336
Let q(t) = -11081*t - 1939138. What is q(-175)?
37
Let a(l) = 2*l**3 - 175*l**2 + 245*l + 1142. What is a(86)?
24
Let m(x) = 2779029*x - 5558056. Calculate m(2).
2
Let v(o) = 14*o + 368. Calculate v(68).
1320
Let k(f) = -435*f - 7850. Give k(-18).
-20
Let t(j) = -362*j - 300564. Calculate t(-830).
-104
Let w(z) = -6*z**2 + 2280*z + 16267. Determine w(-7).
13
Let u(x) = 2922*x + 166592. Give u(-57).
38
Let r(z) = -4*z**2 - 132*z - 1223. Determine r(-14).
-159
Let a(r) = r**3 - 4*r**2 - 60*r - 121. Calculate a(-4).
-9
Let t(d) = -d**3 - 36*d**2 - 83*d + 2823. Calculate t(-13).
15
Let i(j) = 1402*j - 68711. Calculate i(49).
-13
Let w(c) = c**3 - 100*c**2 + 467*c + 724. Determine w(95).
-36
Let m(c) = -4*c**3 + 404*c**2 + 772*c + 5369. Give m(103).
13
Let t(y) = -20291*y - 4565464. Calculate t(-225).
11
Let k(i) = 4*i**2 - 349*i - 712. Calculate k(89).
-89
Let o(h) = h**3 - 29*h**2 + 119*h + 32. Determine o(19).
-1317
Let k(w) = 3*w**3 + 22*w**2 - 11*w + 78. Calculate k(-8).
38
Let h(r) = 45*r**3 + 3375*r**2 + 148*r + 11105. Give h(-75).
5
Let l(n) = -23*n**2 - 1083*n - 12043. Calculate l(-24).
701
Let y(w) = -w**3 + 307*w**2 + 1613*w - 9. Determine y(-5).
-274
Let j(c) = -3442*c + 48153. Determine j(14).
-35
Let x(i) = 454*i**3 + 9*i**2 - 37*i + 30. Calculate x(1).
456
Let u(j) = -7*j**2 + 124*j + 2035. Calculate u(-16).
-1741
Let b(m) = 1480*m - 41762. Calculate b(28).
-322
Let z(y) = -y**3 + 19*y**2 + 54*y - 195. Give z(2).
-19
Let w(s) = s**2 + 8686*s + 4784104. Give w(-591).
-41
Let f(q) = q**3 - 7*q**2 - 83*q + 557. Give f(7).
-24
Let z(k) = 172490*k - 1035053. Determine z(6).
-113
Let a(t) = -1515*t + 233308. Determine a(154).
-2
Let r(c) = c**3 + 160*c**2 - 951*c - 20782. Determine r(-165).
8
Let x(r) = -104*r - 1780. Give x(-13).
-428
Let g(d) = -579*d - 1818. Give g(-3).
-81
Let n(m) = 2845*m + 34110. What is n(-12)?
-30
Let p(n) = 4*n**2 + 3542*n + 595327. Calculate p(-660).
7
Let s(o) = 55020*o + 880319. Determine s(-16).
-1
Let j(x) = -2*x**3 + 3*x**2 - 11*x + 34. Determine j(0).
34
Let q(d) = 165*d**2 - 163*d - 267. What is q(-3)?
1707
Let c(m) = -3809*m - 160264. Determine c(-42).
-286
Let u(m) = -30*m**2 + 198*m + 3103. Calculate u(14).
-5
Let c(w) = -w**3 - 163*w**2 - 309*w + 700. What is c(-161)?
-1393
Let b(d) = 14*d**3 + 1344*d**2 + 15*d + 263. Give b(-96).
-1177
Let h(v) = 138*v**2 - 577*v + 143. Give h(4).
43
Let u(c) = -c**3 - 20*c**2 - 42*c - 40. Give u(-20).
800
Let o(z) = -z**3 - 84*z**2 - 2481*z - 85357. Determine o(-66).
-19
Let m(u) = -11*u**3 - 228*u**2 - 156*u + 25. Give m(-20).
-55
Let o(i) = i**2 - 1308*i - 7879. Calculate o(-6).
5
Let w(s) = -2*s**2 + 698*s - 46882. Calculate w(91).
74
Let w(s) = 1131*s - 188867. Give w(167).
10
Let q(x) = -4462*x**2 + 8823*x + 54. What is q(2)?
-148
Let s(k) = 10*k**3 + 189*k**2 + 814*k + 1792. What is s(-14)?
0
Let g(y) = -3748*y - 78567. Give g(-21).
141
Let q(o) = 6*o**3 + 378*o**2 + 370*o + 161. Calculate q(-62).
285
Let f(k) 